2011
In base 16, what is a1d470 + -15?
a1d45b
In base 4, what is 3012103 + -133103?
2213000
In base 15, what is 3a8 - 4564?
-41ab
In base 11, what is 56726 - 6040?
50696
In base 11, what is 12414297 - 3?
12414294
In base 4, what is -12320222 - -13011?
-12301211
In base 11, what is 148802 - -148?
14894a
In base 10, what is 13356 + 710?
14066
In base 12, what is 345 - 1b19a?
-1aa55
In base 10, what is -259 - 120191?
-120450
In base 4, what is 1 + -2003230012003?
-2003230012002
In base 5, what is 24131431104 - 241?
24131430313
In base 6, what is -2454421 - -1135?
-2453242
In base 14, what is 1b3 + 22041?
22214
In base 7, what is -21061653 + -2?
-21061655
In base 6, what is 3 - -23221240?
23221243
In base 6, what is -3500130324 - 1?
-3500130325
In base 16, what is -1065d2 - 12?
-1065e4
In base 14, what is -4 - -5dc652?
5dc64c
In base 10, what is 2335155 + -9?
2335146
In base 10, what is -2317 - 4826?
-7143
In base 9, what is 7836681 + 5?
7836686
In base 16, what is af5de - 1d?
af5c1
In base 2, what is 10110001100110100101110100 - 101?
10110001100110100101101111
In base 9, what is -16106 + 34?
-16062
In base 6, what is -4212133 + 23444?
-4144245
In base 3, what is -12010 + 22222101210?
22222012200
In base 8, what is -3142206 + -247?
-3142455
In base 4, what is 121301210 + -2011?
121233133
In base 5, what is 401 + -11340112?
-11334211
In base 5, what is -3 + -143300320042?
-143300320100
In base 9, what is 5 - 212842?
-212836
In base 3, what is -2002 - 102222210211?
-102222212220
In base 7, what is 10 + 100260000?
100260010
In base 13, what is 11675cc8 + -3?
11675cc5
In base 5, what is 23113400 + -13110?
23100240
In base 3, what is 100 - -2002000222121?
2002000222221
In base 11, what is -7259 - 1927?
-9085
In base 6, what is 2 - -1345354452?
1345354454
In base 5, what is -220131322 - 0?
-220131322
In base 3, what is 11221102 - -210210?
12202012
In base 10, what is 226 - 61289?
-61063
In base 7, what is 5656 + -13114?
-4125
In base 3, what is 1220 - -10122122121?
10122201111
In base 13, what is 2aca - -24ab7?
278b4
In base 10, what is -6 - -4846652?
4846646
In base 3, what is -112 - 110211012210012?
-110211012210201
In base 4, what is -1 - -122020123102?
122020123101
In base 9, what is 136371 - -20?
136401
In base 4, what is 100 + -10031222302?
-10031222202
In base 3, what is 110 - 10110001101010?
-10110001100200
In base 11, what is 15a565149 + 1?
15a56514a
In base 6, what is 304534 + 145?
305123
In base 10, what is -438315937 - -2?
-438315935
In base 10, what is -204 + 543453?
543249
In base 11, what is 53aa24 - -29?
53aa52
In base 5, what is -330223334 + -11?
-330223400
In base 9, what is 12 - 3811776?
-3811764
In base 16, what is 6 + -10c93237?
-10c93231
In base 4, what is 2220 + -131010302?
-131002022
In base 10, what is 3 - -1548542?
1548545
In base 13, what is -55699 + 2b2?
-553b7
In base 14, what is 3 - -6744c29?
6744c2c
In base 14, what is -4 + 133ac2c?
133ac28
In base 14, what is -47 - -22c0?
2277
In base 14, what is 953 + -d25?
-3b2
In base 14, what is -1 + -310105?
-310106
In base 12, what is 2 - 210956b5?
-210956b3
In base 3, what is -110110220012112200 + 12?
-110110220012112111
In base 2, what is -11 + -1000111110010111111000?
-1000111110010111111011
In base 3, what is 111221 + 202121112002?
202122001000
In base 7, what is -1625563 - 1014?
-1626610
In base 2, what is -1111001100000101 - -10010111000001?
-1100110101000100
In base 3, what is -1020221201220210 + 11?
-1020221201220122
In base 10, what is -17 - -204752?
204735
In base 10, what is -29 + 6971030?
6971001
In base 8, what is -3 - 65170373?
-65170376
In base 3, what is 1 + -21011110022200112?
-21011110022200111
In base 6, what is 10154313 + 41?
10154354
In base 15, what is -532e85 - 5?
-532e8a
In base 6, what is 14 + 2033504?
2033522
In base 6, what is -1341 + -3435215?
-3441000
In base 13, what is -572 - bbbc?
-c461
In base 11, what is -280 - 6440a?
-6468a
In base 15, what is 67d425 + -54?
67d3c1
In base 16, what is -12 + 5180ac?
51809a
In base 11, what is -84069 + -244?
-84302
In base 2, what is 10 + 10111101010100111001010?
10111101010100111001100
In base 6, what is 10232113 + 22?
10232135
In base 15, what is 34 + 33436?
3346a
In base 4, what is 1311232230000 - 11?
1311232223323
In base 15, what is -1630dc1 + 9?
-1630db7
In base 5, what is -4 + -132300423023?
-132300423032
In base 14, what is 57 + 200098?
200111
In base 3, what is 2110012 + -101200110221?
-101121000202
In base 12, what is -749b90 - -b?
-749b81
In base 12, what is 4 - -2959711?
2959715
In base 11, what is 4 + -57624873?
-5762486a
In base 11, what is 459 + 21040?
21499
In base 15, what is -1 + -6c33b9d?
-6c33b9e
In base 14, what is 1 + -3c59158?
-3c59157
In base 6, what is 1021 - -33454?
34515
In base 15, what is 2d2195d + -3?
2d2195a
In base 14, what is 22b126 - 5?
22b121
In base 2, what is -1101101000011110001111111 - 101?
-1101101000011110010000100
In base 12, what is -47 + -848b3?
-8493a
In base 12, what is 7b6 + -21127?
-20531
In base 14, what is 103c233 - 5?
103c22c
In base 2, what is 11000010 - -100110110001101?
100111001001111
In base 10, what is -91977 + 190?
-91787
In base 4, what is -12022 - 22011011022?
-22011023110
In base 6, what is -215353 + -25154?
-244551
In base 12, what is -24ab9738 - 3?
-24ab973b
In base 14, what is 169325 + -52?
1692b3
In base 11, what is -105187 - 2?
-105189
In base 3, what is 201 + -22120102001001?
-22120102000100
In base 16, what is -3f41 + -33?
-3f74
In base 14, what is 32a4 + -375?
2d2d
In base 8, what is 2 + 13316427?
13316431
In base 10, what is -775751 - -4?
-775747
In base 16, what is -d2 + 7630?
755e
In base 11, what is 15703a8 + -4?
15703a4
In base 14, what is d - -b7b70?
b7b7d
In base 5, what is 1324 + -14124014?
-14122140
In base 2, what is -110 + 11000010011111110001?
11000010011111101011
In base 6, what is -5032243451 - -20?
-5032243431
In base 9, what is 7 + -40178505?
-40178487
In base 7, what is -31 + 2055001?
2054640
In base 6, what is -1121 - 2202151?
-2203312
In base 2, what is -110001001110010010101010101 + -100?
-110001001110010010101011001
In base 16, what is 1 - 104888?
-104887
In base 9, what is 112088 + 12543?
124642
In base 2, what is 1100110101111101000101000101 + 101?
1100110101111101000101001010
In base 13, what is 60176 - -127?
602a0
In base 9, what is -2 - -4264224?
4264222
In base 16, what is 224 + -3c9e?
-3a7a
In base 4, what is -102200212221 - 10?
-102200212231
In base 7, what is 1600661 + -52?
1600606
In base 15, what is 2 - -23ac33?
23ac35
In base 4, what is 1 + 1012222221021?
1012222221022
In base 10, what is -139 + 8439119?
8438980
In base 14, what is d99 - 2a30c?
-29353
In base 2, what is 11011 - 1110101001000100?
-1110101000101001
In base 10, what is -1673 - 5477?
-7150
In base 3, what is 11120 - 2122022212121?
-2122022201001
In base 14, what is -2d0b - -8382?
5475
In base 16, what is -4 + -57e12b?
-57e12f
In base 5, what is 240 + -110144200?
-110143410
In base 14, what is -111c4d2 - -21?
-111c4b1
In base 11, what is -10003 - -2a49?
-8065
In base 7, what is -14453 - -4144?
-10306
In base 8, what is -211416 + -272?
-211710
In base 15, what is 587 + -1d9d?
-1816
In base 16, what is -ec + -83d28?
-83e14
In base 11, what is 56737660 - -3?
56737663
In base 3, what is -10101122211 - 1122?
-10101201110
In base 7, what is -10646 - 1205100?
-1216046
In base 12, what is -a97 - -4572?
3697
In base 5, what is 0 - -333232224?
333232224
In base 6, what is -233301251 - 1?
-233301252
In base 11, what is 3920 - 108?
3813
In base 13, what is -192c99 + -2?
-192c9b
In base 6, what is 520 - -1445133?
1450053
In base 13, what is -3 - 14ac885?
-14ac888
In base 7, what is -351032654 + -2?
-351032656
In base 8, what is -443501 - 270?
-443771
In base 9, what is -16087 - -17426?
1328
In base 13, what is -2 + a51154c?
a51154a
In base 7, what is -43 + -13115642?
-13116015
In base 11, what is 1 - -96a348?
96a349
In base 10, what is -4 - -3011138?
3011134
In base 9, what is 62 - 454307?
-454235
In base 11, what is -48325 - -58?
-48278
In base 5, what is 122112 + 424?
123041
In base 12, what is -339 + 7b80?
7843
In base 11, what is -183 - 4678a?
-46962
In base 6, what is -211 - 21503?
-22114
In base 7, what is 12001424 + 22?
12001446
In base 16, what is 17b5e + 